 remainder when 1053 is divided by (-228)/(-8)*(41/57 - 57/1083).
8
Let j = 18501 + -16645. What is the remainder when j is divided by 308?
8
Suppose -4*a - 596 = -z, 21*a - 3*z = 18*a - 456. Let j = 368 + a. Calculate the remainder when j is divided by 17.
16
Let b = 2 - 4. Let y(n) be the second derivative of -25*n**3/6 - 8*n**2 + 1559*n. What is the remainder when 134 is divided by y(b)?
32
Suppose 0 = -k - 7 + 93. Let t = -59 - -89. Suppose -4*d + k = t. What is the remainder when 51 is divided by d?
9
Suppose 0 = f - 27 + 2. Suppose -f*a + 21*a + 16 = 0. What is the remainder when (10 - 4)/((-2)/(-2)) is divided by a?
2
Let g(x) = 21*x + 3. Let v be g(-1). Suppose 3*a - 53 = 4*k, -5*k + 8 + 127 = 5*a. Calculate the remainder when a is divided by v/(-12)*2*16/6.
7
Suppose -12 = -2*a + 20. What is the remainder when 70 - ((-3)/(-11) + (-85)/(-11)) is divided by a?
14
Let y = 29 - 27. Suppose -4*w = -y*t - 662, t = -w + 5*t + 176. What is the remainder when w is divided by 24?
20
Suppose -5*b - 30*w + 26*w + 118 = 0, 5*b = 3*w + 69. Suppose -61 - 11 = -4*g. Let a = g - -15. Calculate the remainder when a is divided by b.
15
Let g = 476 - 302. Let t = g - 20. Calculate the remainder when t is divided by 52.
50
Let j = -1544 + 1592. Let d = -617 - -1095. What is the remainder when d is divided by j?
46
Suppose -199*t - 1298 = -317*t. Calculate the remainder when 2696 is divided by t.
1
Let b(t) = -62*t - 4257. What is the remainder when 140 is divided by b(-69)?
14
Suppose -f + 79 = 5. Let v = 380 + -384. Calculate the remainder when f is divided by (-260)/(-10) + v/1 + 3.
24
Suppose 68*h - 20 = 64*h. Suppose -72 = -h*k - k. What is the remainder when k is divided by (-6)/5*(-60)/9?
4
Let y = 1198 + -1183. Calculate the remainder when 152 is divided by y.
2
Suppose 0 = -3*u - 3, -8*d + 6*d - 2*u = -142. Suppose -74*c = -d*c - 74. What is the remainder when c is divided by 7?
2
Suppose -15*h - 22765 = -23920. What is the remainder when h is divided by 18?
5
Let u(v) = 2*v**3 - 54*v**2 + v - 22. Let k = 320 + -147. Suppose -k = -5*h - 33. Calculate the remainder when h is divided by u(27).
3
Let h(c) = c + 45. Let g be -8*(-3)/(9/6). Let r(o) = -o + 25. What is the remainder when h(-19) is divided by r(g)?
8
What is the remainder when 454 is divided by (-4 - -1)*(-80)/6?
14
Let v = 7775 - 3557. Calculate the remainder when v is divided by 211.
209
Let y(u) = 2*u + 3. Let r(b) = -b**2. Let k be r(1). Let v be y(k). What is the remainder when 62 is divided by (3/v - 2) + 15?
14
Let x(b) = -b**2 - 6*b + 38. Let v be (6 + (0 - 6))*(-1)/4. Calculate the remainder when x(v) is divided by 20.
18
Let o = -1592 - -1997. Calculate the remainder when o is divided by (-1)/(-2*1/74).
35
Let b = 129 - 101. Suppose -o + a = -4*o - b, -3*o + 2*a - 34 = 0. What is the remainder when 8/o*(-9680)/32 is divided by 49?
46
Let m be (0 + -1 + 1)/(138/(-23)). Suppose q = 1, m = 5*d + 2*q - 29 - 413. Calculate the remainder when d is divided by 50.
38
Let s = -339 - -291. Let h = -46 - s. What is the remainder when 6 is divided by h?
0
Let g(o) = 67*o + 807. Calculate the remainder when g(-3) is divided by 549.
57
Suppose 4*x + 5*d = 896, -5*x + 423*d = 428*d - 1125. What is the remainder when 425 is divided by x?
196
Suppose t + 5*m = -455, -4*t - 1487 = 3*m + 333. Let l = -440 - t. Calculate the remainder when 52 is divided by l.
7
Suppose 0 = -r + 6*t - 5*t - 381, 0 = 3*r + 5*t + 1103. Let n = 451 + r. Calculate the remainder when n is divided by 13.
10
What is the remainder when (3056/10 - 1)/(43/215) is divided by 25?
23
Let c = 6900 + -6784. Calculate the remainder when 6495 is divided by c.
115
Suppose 3*r = -0*r + 3, -4*r = 5*s - 44. Suppose h = 4*p - 3, s*h - 3*h + 4*p = 81. What is the remainder when 64 is divided by h?
12
Calculate the remainder when 2747 is divided by 32 - 84/(-108)*-9.
22
Suppose 554*z + 3456 = 562*z. Suppose t = 28*t - z. Let r(p) = 52*p**2 - p - 1. What is the remainder when r(2) is divided by t?
13
Suppose 3*j + 2*j = -5*l + 30, -j + 2 = -3*l. Suppose 8*f - 209 = -l. Calculate the remainder when f is divided by 9.
8
Suppose 4*t - t = 30. Suppose t = -7*n + 12*n. Suppose -v + 5 = -n. What is the remainder when 33 is divided by v?
5
Suppose 0 = -7*t - 50 + 407. Suppose -5*y + t = -204. What is the remainder when 202 is divided by y?
49
Suppose 8*d = 148*d + 2905 - 68285. What is the remainder when 520 is divided by d?
53
Suppose -18*f + 30 + 42 = 0. Calculate the remainder when 176 is divided by (0 + -41)*(-5 + f).
12
What is the remainder when (39543/(-98))/((-6)/8 - 0/(-1)) is divided by 33?
10
Suppose 27*u + 195 = 6. Let h = -13 + 29. Let k = h + u. What is the remainder when 35 is divided by k?
8
Let s = 1803 - 1772. Calculate the remainder when 1606 is divided by s.
25
Let x be -4 - -3 - (-51)/6*2. Let m = 94 - x. Suppose b - m = -f - f, -b + 82 = 4*f. What is the remainder when b is divided by 27?
20
Let a be ((-4)/2)/(3 + -2 + 1). Calculate the remainder when 157 is divided by (23 - a)/(1*9/12).
29
Let u = -645 + 1036. Let q = u - 384. Calculate the remainder when 20 is divided by q.
6
Suppose 3*l + 5*r - 2592 = -1313, 3*r = -l + 433. What is the remainder when l is divided by 31?
15
Suppose i - 195 = -4*i. What is the remainder when i is divided by 3/(-24)*(-8496)/177?
3
Suppose -3*x - 32 = 2*s - 3*s, -2*x = 2. Let j = -1187 - -840. Let t = 488 + j. Calculate the remainder when t is divided by s.
25
Suppose -15*d + 6416 = d. Suppose 174 = -4*o + 10*o. Calculate the remainder when d is divided by o.
24
Let x = 48 - 48. Suppose 4*d - 12 = 4*p, -d + 1 = -2*p - x*d. What is the remainder when p - 0 - (-50 + 3 - 4) is divided by 27?
26
Let d(h) = h**2. Let y(n) = -49*n**3 + 2*n**2 - 2*n - 1. Let m(t) = -3*d(t) + y(t). What is the remainder when m(-1) is divided by 26?
23
Let c(n) = n**2 + 16*n - 15. Let j be c(-16). Suppose f = 7 + 17. Calculate the remainder when f is divided by (-183)/j + (-5)/((-25)/4).
11
Let k(v) = 29*v**2 + 508*v - 58. Calculate the remainder when 206 is divided by k(-18).
12
Let t(r) = r**3 + 4*r**2 - 8*r - 12. Let f be t(-5). Let g(h) = -h**2 + 6*h - 2. Calculate the remainder when 266/21 - 2/f is divided by g(5).
0
Suppose -7*b + 112 = -5*b. Suppose -o - b = -77. What is the remainder when o is divided by 8?
5
Suppose -6 = 2*x - 84. What is the remainder when x is divided by -7*((-8)/(4312/819) + 23/253)?
9
Let n = 20 - -8. Calculate the remainder when 7 + ((-170)/51*(-18)/(-10) - -82) is divided by n.
27
Suppose 0 = -12576*o + 12585*o - 79 - 407. Calculate the remainder when 389 is divided by o.
11
Suppose 1320*w + 455050 = 1510*w. What is the remainder when w is divided by 30?
25
Let w = 571 - 980. Let i = -388 - w. Let s = 58 + -17. Calculate the remainder when s is divided by i.
20
Let m(l) = 23*l - 10. Suppose 372*c - 9868 = 113*c - 2616. What is the remainder when m(7) is divided by c?
11
Let w(h) = h**3 + 21*h**2 + 13*h + 8. Let j be w(-16). Suppose j = -0*x + 10*x. What is the remainder when x is divided by 38?
32
Let j = -69 + 73. Suppose -4*d - 14 = -c, 5*c - 13 = 3*c + 3*d. Suppose -c*k + i = -201, k + i = -j*k + 513. Calculate the remainder when k is divided by 21.
18
Suppose -3*d + 21 = -4*a, 20*a - 39 = -d + 16*a. Let b be 0/(-4) - (-90)/2. Let k = b - -14. Calculate the remainder when k is divided by d.
14
Let v be 43/8 + 18/(-48). What is the remainder when 283/v + (-70)/(-175) - 0 is divided by 30?
27
Let g(o) = 35*o + 118. Let m be g(-3). Suppose m*k = 1225 + 504. What is the remainder when k is divided by 36?
25
Let u be (15/9)/((-1)/(-3)). Suppose 4*f = u*m + 56, -f + 4*f = 5*m + 42. Calculate the remainder when 105 + 53 - (-1 + 7) is divided by f.
12
Suppose -37*l + 42*l = -4*j + 2088, j = -3. Calculate the remainder when 1279 is divided by l.
19
Suppose 2*v + 3*w - 71 = 0, 66 = v + 5*w + 27. Suppose 0*m = -2*m + 182. What is the remainder when m is divided by v?
23
Let a(y) be the second derivative of -109*y**3/3 - 5*y**2/2 - 4*y - 4. Calculate the remainder when a(-1) is divided by 43.
41
Suppose -4*u = 20, -r + 3*u + 14 = -20. Suppose 5*d + 448 = 9*d. What is the remainder when d is divided by r?
17
Suppose -2*p = -p - 17. Suppose -24*r - 378 = -42*r. Suppose -31 + r = -v. What is t